 the remainder when g is divided by d?
8
Let r be (-20)/6*3/(-2). Suppose 0 = 2*o + 3*b - 0*b - 40, -r*b + 20 = 0. What is the remainder when 26 is divided by o?
12
Let j = 9 - -12. Calculate the remainder when 82 is divided by j.
19
Let u(o) = -o**3 + 6*o**2 - 6*o + 6. Suppose -12 = -0*r - 4*r + 2*f, 0 = -4*f. What is the remainder when r is divided by u(5)?
0
Let m = 6 + -2. Let n(z) = m - 2 - z**2 - 9*z + 1. What is the remainder when n(-7) is divided by 9?
8
Let h = 22 - 9. Let u = 3 + h. What is the remainder when u is divided by 9?
7
Suppose -4*n + 10 = -162. Suppose 2*v - n = -3*u, 4*v - 105 = -2*u - 15. What is the remainder when v is divided by (-6)/(-2) - -8 - -1?
11
What is the remainder when 29 is divided by 18/27 + (-22)/(-3)?
5
Suppose 2 = -s + 13. Calculate the remainder when s is divided by 4.
3
Calculate the remainder when (1*(1 + 2) - 114)*-1 is divided by 28.
27
Suppose b + 3*k - 19 = 0, -4*b - 6*k = -4*k - 56. Calculate the remainder when 24 is divided by b.
11
Suppose 4*j - 72 = -3*i, j - 5 = -i + 6*j. Calculate the remainder when i is divided by (2 + -4)*7/(-2).
6
Suppose -2 = 2*f - 16. Suppose -10 - 19 = -3*x - 5*j, -f = -x - j. Calculate the remainder when x is divided by 2.
1
Suppose -5*s = -152 - 198. Calculate the remainder when s is divided by 24.
22
Suppose -2*a = -0*a - 10. What is the remainder when 12 is divided by a?
2
Let t(f) = f**2 + 7*f + 8. Let w be t(6). Let n = -16 + w. Suppose -n = -3*v - 2*v. Calculate the remainder when v is divided by 5.
4
Suppose 4*g - 9 - 7 = 0. Suppose 0 = -4*y + g*u + 144, 2*u = 3*y - 0*y - 111. Calculate the remainder when y is divided by 396/39 + 2/(-13).
9
Let q(c) = c. What is the remainder when 6 is divided by q(2)?
0
Suppose -4*c - 31 = 17. Let u = 17 + c. What is the remainder when 13 is divided by u?
3
Suppose -4*i = -11 + 3. Suppose i*b - 46 = -2*j, 2*b - 25 = -j + 3*b. Suppose -j = -2*d - d. What is the remainder when 14 is divided by d?
6
Let h be 4/6*(2 + 1). Suppose -h*o + 3 = -o. What is the remainder when 12 - (1 + 4 + -1) is divided by o?
2
Suppose 65 = o + 4*o. Suppose 4*t - t + 2*x = 105, x = t - 40. What is the remainder when t is divided by o?
11
Suppose -j = 30 - 80. What is the remainder when j is divided by 17?
16
Let a = 43 + -39. What is the remainder when (-32)/(-2) + (1 - 2) is divided by a?
3
Let n(b) = -2*b**3 - 6*b + b - 6 + b**3 - 5*b**2. Calculate the remainder when n(-5) is divided by 10.
9
Let b = 42 - 19. Calculate the remainder when 112 is divided by b.
20
Suppose -n + 35 = 3*y + 2*y, -5*y + 75 = 3*n. What is the remainder when n is divided by 8?
4
Let s(n) = n**2 + 13*n + 47. Calculate the remainder when 104 is divided by s(-12).
34
Suppose 2*g + 2*g + 5*b = 165, 0 = 5*g - 4*b - 237. Let a = 75 - g. What is the remainder when a is divided by 11?
8
Let h be (-3)/(-5) - 28/(-20). What is the remainder when 0/(-4) - (h + -17) is divided by 6?
3
Calculate the remainder when 38 is divided by (-95)/(-10) - (-2)/4.
8
Let w(l) = l**2 - 2*l - 2. Let y be w(4). Suppose -40 = 2*f - y*f. Calculate the remainder when 38 is divided by f.
8
Suppose 0 = 4*t - 7*t + 1395. Let f be t/12 - (-1)/4. Suppose -4*c + 7 = -1, -n + 4*c = -f. Calculate the remainder when n is divided by 16.
15
Let n(r) = 3*r + 1 - 2*r + 4 - 4 - r**3. Let i(m) = m**3 - 2*m**2 + 2*m + 1. Let t(x) = i(x) - n(x). What is the remainder when 18 is divided by t(2)?
8
What is the remainder when (-122)/(-2) + (-4 - -5) is divided by 22?
18
Let u(f) = 2*f**2 - 5*f + 7. What is the remainder when u(7) is divided by 12?
10
Suppose 4*q - 4*k + 24 = 0, 5*q + k + 2 = -k. Calculate the remainder when 40 is divided by (q - 0 - 0) + 16.
12
Let n = -74 + 82. Calculate the remainder when n is divided by 2 - (2/2 + -2).
2
Let x(k) = k**2 + 0*k - 5*k - 1 + k. What is the remainder when x(6) is divided by 6?
5
Suppose 2*k - 5 = 5. Suppose -4*a = -5*w + 30, 2*w - w - 15 = -a. Let v = w - 6. Calculate the remainder when k is divided by v.
1
Let h be (-78)/(-24) + (-3)/12. Suppose h*z - 42 = -z + 2*f, z = f + 8. What is the remainder when 24 is divided by z?
11
Calculate the remainder when 26 is divided by (4 - -1) + -15 + 20.
6
Suppose 0 = 5*x - 0*x - 5*a - 140, -96 = -4*x - 4*a. Let w = 6 + -6. Let u(q) = q**3 + q**2 + 7. Calculate the remainder when x is divided by u(w).
5
Let b = 37 - -12. What is the remainder when b is divided by 26?
23
Let m = 3 + -1. Suppose -8 - 14 = -m*q. Calculate the remainder when q is divided by 6.
5
Suppose -4*w - 3*h = -22, 0*w + w + h = 6. Calculate the remainder when 6 is divided by w.
2
Let i = -47 - -65. Calculate the remainder when 51 is divided by i.
15
Let c = 66 + -39. What is the remainder when 79 is divided by c?
25
Suppose -3*x = -2*y, -y - 3*x = -6*x. Let c = 2 - y. Suppose -c*u = 5*t - 1 + 9, 0 = 4*u + 3*t + 2. What is the remainder when 2 is divided by u?
0
Suppose 8*t - 4*t - 138 = -n, -3*t + 5*n + 115 = 0. Calculate the remainder when 103 is divided by t.
33
Let y(w) = w**3 - 2*w**2 - w + 9. Calculate the remainder when y(5) is divided by 27.
25
Let y be (46/8)/((-1)/(-20)). Suppose -2*r = 3*r - y. What is the remainder when r is divided by 6?
5
Suppose p + 5*c = 491, -3*c + 4*c = p - 521. Suppose 169 = 5*t - p. What is the remainder when t is divided by 35?
32
Suppose 6*l - 22 = 56. Calculate the remainder when 100 is divided by l.
9
Suppose -5*z + 25 = -4*z. What is the remainder when z is divided by 14 - (-2 + (5 - 2))?
12
Suppose r - 60 = -r. Let o = -66 - -30. Let x = -20 - o. What is the remainder when r is divided by x?
14
Suppose 0 = 2*b - 16 + 6. Suppose -2*p - p = -39. Suppose 98 = b*n + p. What is the remainder when 33 is divided by n?
16
Suppose -2*w + w + 4*m = -51, -4*w + 2*m + 218 = 0. What is the remainder when w is divided by 15?
10
Let o = 4 + -3. Let s be 6*o/9*3. Suppose -s*n + 66 = 10. Calculate the remainder when n is divided by 15.
13
What is the remainder when 46 is divided by (5*-5)/(19 - 20)?
21
Let c = -5 + 18. Let o be (2/(-3))/(2/(-15)). Suppose 93 = o*i - 97. What is the remainder when i is divided by c?
12
Let o be (-7)/(3 + 14/(-4)). Suppose -40 = -3*z + o. Calculate the remainder when 71 is divided by z.
17
Let b = 250 + -174. Suppose -3*k = -2 - b. Calculate the remainder when k is divided by 14.
12
Calculate the remainder when 47 is divided by (36/(-15))/(1/(-5)).
11
Suppose -9*w = -107 - 415. Suppose -2*r - 35 = -155. Suppose -5*j = -2*j - r. Calculate the remainder when w is divided by j.
18
Suppose -5*b = -4*l - 14, 3*b + 4 = 6*b + 2*l. Let c(a) be the second derivative of a**3/6 - 2*a**2 + a. What is the remainder when c(7) is divided by b?
1
Let f(c) = 16*c + 1. Let d = 1 + -6. Let z be (0 - -1) + (d - -5). Calculate the remainder when 49 is divided by f(z).
15
Let n(x) = -x**3 + 5*x**2 + 6*x + 8. Let h be n(6). Let r = h - -46. Suppose -4*b - 2 - 2 = 0, 3*b - r = -3*i. Calculate the remainder when i is divided by 7.
5
Suppose -29 - 14 = -5*o - f, 51 = 5*o - 3*f. What is the remainder when o is divided by 6?
3
Let u(d) = 5*d - 3. Calculate the remainder when 85 is divided by u(5).
19
Calculate the remainder when 65 is divided by ((-24)/14)/(22/(-231)).
11
Let r be (-4)/(-4)*(-2 + 2). Suppose 3*o + 5 + 1 = 0, r = -4*n - 3*o + 98. Calculate the remainder when 102 is divided by n.
24
Let d(l) = l**2 - 3*l. Let x = 2 + 0. Suppose -x*b + 13 = 1. Calculate the remainder when d(5) is divided by b.
4
Suppose 8*j - 419 = 397. Calculate the remainder when j is divided by 26.
24
Suppose 5*x - 18 = 267. Let h = 26 + -11. What is the remainder when x is divided by h?
12
Let m be 6*(1 - 70/4). Let v = m - -145. Suppose -2*x + 24 = -8. Calculate the remainder when v is divided by x.
14
Suppose 91*v - 74 = 90*v. What is the remainder when v is divided by 15?
14
Let x = -8 + 11. Suppose u - 3*a = 5, -5*u + 11 = -0*a - a. Suppose c = 4*p - 10, 5*p - 12 = p + u*c. Calculate the remainder when x is divided by p.
1
Suppose -13 - 5 = 3*x. Let p be (2 - (1 - 1)) + x. What is the remainder when 5 is divided by 1*(0 - (p - -1))?
2
Let v(d) be the second derivative of d**5/20 - 3*d**4/4 - 5*d**3/3 + 15*d**2/2 + d. Suppose 2*z - 6 = 52. Calculate the remainder when z is divided by v(10).
14
Suppose -10*f + 12*f = 124. Calculate the remainder when